he highest common divisor of 18 and u.
18
Suppose -3*r = x + 6 - 20, 2*r + 28 = 4*x. Suppose 0 = -x*v + v + 378. What is the greatest common factor of v and 9?
9
Let a be (68/(3/(-3)))/((-12)/6). What is the highest common factor of 68 and a?
34
Let b be 1 - (-12)/(-20) - (-6)/(-15). Let y be b - 2 - (-6 + 1). Calculate the greatest common factor of 33 and y.
3
Let a = -70 - -75. Suppose 2*y + 2*o = 42, 4*o - 84 = -a*y + 6*o. Calculate the highest common divisor of y and 81.
9
Let p = 314 - 248. What is the highest common factor of 506 and p?
22
Suppose 5 = 2*c - 5. Suppose -c = -j - 0. Suppose -2*k + 10 = 2*s, 0*k + 55 = j*k - 5*s. Calculate the greatest common divisor of k and 56.
8
Suppose 4*q = -5*f - 1, -3*q - 5*f + 1 + 2 = 0. Let u be 2/(-8) + 15/q. Let k be 4 - (-4)/u*-1. What is the greatest common divisor of k and 5?
5
Let f = 20 + -17. Suppose -f*u = -u - 18. What is the highest common divisor of 81 and u?
9
Suppose 102*c - 100*c - 34 = 0. What is the greatest common divisor of 1 and c?
1
Suppose 18*f - 25*f + 266 = 0. What is the highest common factor of f and 190?
38
Suppose 5*y = 0, 3*l - 57 = -2*y + y. Calculate the highest common divisor of 1 and l.
1
Let f = -8 + 26. Let u(r) = -10*r**3 + 2*r**2 + 2*r + 6. Let a be u(3). Let p be (3/(-2))/(f/a). Calculate the highest common factor of 60 and p.
20
Suppose -11*c = 18 - 95. Suppose 2*h = -5*o + 29 - 0, -c = -h - 5*o. What is the highest common divisor of 11 and h?
11
Let m = -31 - -31. Suppose m = -3*k - 14 + 128. Calculate the highest common divisor of k and 190.
38
Let t = -3 + 16. Suppose 4*p - g = 233 + 28, p - 63 = -2*g. Calculate the highest common divisor of t and p.
13
Let c(r) = r + 1. Let x be c(-8). Let m(t) = -3*t - 9. Let s be m(x). Calculate the greatest common factor of s and 4.
4
Let i(v) = v**3 - 6*v**2 - 4*v + 2. Let l be (-3)/(-3) - (-6)/1. Let r be i(l). Suppose -u - 3*u + 184 = 0. Calculate the highest common divisor of u and r.
23
Suppose 0 = -4*v - 1 + 1. Suppose 3*d + 3*k - 30 = v, -2*d + 16 = 5*k - 10. What is the highest common factor of d and 28?
4
Let y be -4*105/(-48)*12. Calculate the greatest common factor of 15 and y.
15
Suppose 5*z - 86 = 2*j + 16, 2*j = -3*z + 58. Calculate the highest common divisor of z and 110.
10
Let b(j) = 19*j + 6. Let p be b(3). Let v = p + -40. What is the greatest common factor of 138 and v?
23
Let x be 4/(-4) + -2 + -21. Suppose -c = 1, -r + c - 24 = -c. Let j = x - r. What is the highest common factor of j and 10?
2
Suppose 10*n = 35*n - 1025. What is the greatest common factor of n and 328?
41
Let b = -31 - 24. Suppose 0*n = -4*n - 132. Let c = n - b. Calculate the greatest common factor of 44 and c.
22
Let o(f) = 2*f - 18. Let b be o(11). Let y be 62/6*3 - -1. Calculate the highest common divisor of b and y.
4
Suppose 0 = 194*a - 172*a - 1232. Calculate the highest common divisor of a and 98.
14
Let v be -24*(1 + 52/24*-2). Calculate the greatest common factor of 10 and v.
10
Let r(n) = -2*n + 69. Let j be r(21). Let f be (-110)/(-3) - 2/3. Calculate the highest common divisor of f and j.
9
Suppose 153*b - 161*b = -864. Calculate the highest common factor of 42 and b.
6
Suppose 0 = l + 4*d - 51, 0 = 4*l - 4*d + 5 - 269. Suppose -7*y + 2*y + 4*q = -33, 2*y - 3*q = 9. What is the highest common divisor of y and l?
9
Let p be (1 - 1/(1/2)) + 62. Let n = 192 + p. What is the greatest common factor of 23 and n?
23
Suppose -5*m + 372 = 102. Calculate the greatest common factor of 10 and m.
2
Suppose 4*b = -4, -6*b = x - 2*b - 108. Let i = 78 + -62. Calculate the greatest common divisor of i and x.
16
Suppose -21*h = -16*h, -5*a = -4*h - 465. What is the greatest common factor of a and 744?
93
Suppose -46*a = -51*a + 2100. Calculate the greatest common factor of 945 and a.
105
Let k be ((-3)/(-4))/(3/228). Let x = k - 9. Suppose -s + 4*l = -l - 38, -2*s = 4*l - x. Calculate the greatest common factor of 4 and s.
4
Let r be 1*-4 - (-12 + 1). Suppose -4*j - 168 = -r*j. What is the highest common factor of 14 and j?
14
Let v(h) = -h**3 - 7*h**2 + h + 25. Let d be v(-7). Calculate the highest common factor of d and 90.
18
Let f = 48 + -24. Suppose f = 4*c - 36. What is the highest common divisor of 30 and c?
15
Suppose -33*r = -39*r + 1452. What is the greatest common factor of r and 11?
11
Let i = 170 - 62. Let k = -32 - -50. Suppose -5*s + i = k. What is the highest common divisor of s and 2?
2
Let j(b) = 15*b + 5. Let a be j(5). Let v(u) = -2*u**2 - 16*u + 38. Let y be v(-9). Calculate the greatest common factor of y and a.
20
Let v be 9/(-21) - 68/(-28). Suppose -6*p - 8 = -v*p. Let n be (-1809)/(-18) - (-3)/p. Calculate the highest common factor of 9 and n.
9
Let a(i) = i**3 - 6*i**2 + 5*i + 2. Let v be a(5). Suppose -5*z - 9 + 19 = 0. Calculate the highest common factor of v and z.
2
Let s(z) = z**2 - 13*z + 33. Let g be s(10). What is the greatest common divisor of 33 and g?
3
Let v(b) = -b**2 - 18*b - 69. Let s be v(-7). Calculate the greatest common factor of s and 64.
8
Suppose -8 - 4 = -4*q. Suppose 0 = -q*h - 2*h. Suppose h*n + 48 = 4*n. What is the highest common factor of 84 and n?
12
Let x(j) = 564*j - 656. Let b be x(3). What is the highest common divisor of 444 and b?
148
Suppose 4*j = -4, -2*j - 125 = -5*f + 3*j. Let w = 26 - f. What is the highest common divisor of 1 and w?
1
Suppose 5*v = -3*u + 105, -3*u = 5*v + 2*u - 115. Calculate the highest common factor of v and 120.
6
Let z(x) = -x**3 + 5*x**2 + 8*x. Let w be z(6). Suppose -18 - 90 = -44*n + 24. What is the highest common factor of w and n?
3
Let n be (-147)/(-6) + (-6)/4. Let m be (10 + 2 + 34)*2*2. Calculate the greatest common divisor of m and n.
23
Let c = -36 + 91. Let b = c - 41. What is the greatest common factor of b and 14?
14
Suppose -5*l + 3*z = -294, 3*l + 3*z + 35 - 197 = 0. Let c = 112 + -74. Calculate the greatest common divisor of c and l.
19
Suppose -8*o + 0 + 32 = 0. What is the highest common factor of o and 100?
4
Suppose r + 95 = 5*v, -r = -4*v + r + 82. Let d be 278/12 - 6/36. Suppose 0 = 4*u - d - 13. Calculate the highest common divisor of u and v.
9
Suppose 7*d = -140 + 434. Suppose d = -7*t + 8*t. Calculate the highest common factor of 6 and t.
6
Let i = 229 + -409. Let h be 3*i/(-21) + (-4)/(-14). Calculate the greatest common factor of 104 and h.
26
Suppose 27*v = -51 + 186. Let n(l) = l - 4. Let f be n(6). Suppose -2*s + 4*s + 5*y - 7 = 0, -s - f*y + 3 = 0. What is the highest common factor of s and v?
1
Let x(t) = -7*t. Let p be x(-1). Suppose p*c + 75 = 2*k + 2*c, -c + 147 = 5*k. Calculate the greatest common factor of 70 and k.
10
Let b = 122 + -116. Let u(g) be the second derivative of -g**4/12 - g**3/2 + 3*g**2 - 5*g. Let y be u(-4). What is the highest common divisor of y and b?
2
Let o = -865 + 878. Calculate the highest common factor of 52 and o.
13
Suppose 5*f = -i + 216, -2*i + 3*f - 179 + 559 = 0. Calculate the greatest common divisor of i and 252.
28
Suppose 0 = 4*i - 355 + 151. Suppose 19 = v - 3*x - 6, 0 = v + x - 37. What is the greatest common factor of i and v?
17
Let b = -20 - -48. Let v = 49 + -35. Let o be 592/v + (-10)/35. Calculate the highest common factor of o and b.
14
Let r be (7/3 + -2)/(3/(-9)). Let z be ((-70)/15 + -4)/(r/3). Calculate the highest common factor of z and 26.
26
Let c be -4*(4 - (6 + 2)). Suppose c + 0 = 2*x. Let g = 103 - 71. What is the highest common factor of x and g?
8
Suppose -20 = -19*q + 17*q. Suppose 2*d - 2 = 4*d. Let t = d + q. What is the highest common divisor of 99 and t?
9
Suppose 5*c = -2*z + 7 + 1, z - 2*c - 4 = 0. Suppose -5*r = -s - 274, s = -z*r + 106 + 115. Calculate the greatest common factor of 11 and r.
11
Let k = 7 - 2. Suppose -4*h + 284 = -k*f, -2*f + 27 = 2*h - 97. Let i be (44/6)/(18/27). What is the greatest common factor of h and i?
11
Let r be (-2 - -3) + 2 + 74. Let n(t) = 3*t**2 + 5*t + 5. Let l be n(-2). Calculate the greatest common factor of r and l.
7
Let w(p) = p**3 - 3*p**2 - 3*p - 3. Let g be w(5). Suppose -3*a + 106 = -5*i, 130 = 4*a - 3*i + 2*i. Calculate the highest common divisor of g and a.
32
Let d be 10/(-6) + 20600/75. Calculate the highest common factor of d and 21.
21
Let i = -325 + 488. Let a = -82 + i. Let m = 187 + -133. C